{"id":4867,"date":"2025-01-22T01:08:47","date_gmt":"2025-01-22T00:08:47","guid":{"rendered":"https:\/\/dormuz.fr\/?post_type=product&#038;p=4867"},"modified":"2025-10-18T04:25:30","modified_gmt":"2025-10-18T02:25:30","slug":"greenland-le-dernier-refuge","status":"publish","type":"product","link":"https:\/\/dormuz.fr\/index.php\/produit\/greenland-le-dernier-refuge\/","title":{"rendered":"Greenland : Le dernier refuge"},"content":{"rendered":"<div class=\"iframe-container\"><iframe src=\"https:\/\/sharecloudy.com\/iframe\/8dUHKiltGS\" allowfullscreen=\"allowfullscreen\" loading=\"lazy\" referrerpolicy=\"no-referrer\"><\/iframe><\/div>\n","protected":false},"excerpt":{"rendered":"<p class=\"bo-p\"><span class=\"yZlgBd\">Une com\u00e8te est sur le point de s\u2019\u00e9craser sur la Terre et de provoquer un cataclysme sans pr\u00e9c\u00e9dent. John Garrity d\u00e9cide de se lancer dans un p\u00e9rilleux voyage avec son ex-\u00e9pouse Allison et leur fils Nathan pour rejoindre le dernier refuge sur Terre \u00e0 l\u2019abri du d\u00e9sastre. Alors que l\u2019urgence devient absolue et que les catastrophes s\u2019enchainent de fa\u00e7on effr\u00e9n\u00e9e, les Garrity vont \u00eatre t\u00e9moin du meilleur comme du pire de la part d\u2019une humanit\u00e9 paniqu\u00e9e au milieu de ce chaos&#8230;&#8230;&#8230;<\/span>&#8230;.<br \/>\n<span style=\"color: #ff9900;\">Vous pouvez le visionner d\u00e8s maintenant en streaming VF VOSTFR.\u00a0<\/span><\/p>\n","protected":false},"featured_media":4868,"comment_status":"open","ping_status":"closed","template":"","meta":{"pmpro_default_level":"","_monsterinsights_skip_tracking":false,"_monsterinsights_sitenote_active":false,"_monsterinsights_sitenote_note":"","_monsterinsights_sitenote_category":0,"_uf_show_specific_survey":0,"_uf_disable_surveys":false},"product_brand":[],"product_cat":[39,46,64],"product_tag":[79],"class_list":{"0":"post-4867","1":"product","2":"type-product","3":"status-publish","4":"has-post-thumbnail","6":"product_cat-action","7":"product_cat-drame","8":"product_cat-thriller","9":"product_tag-film-2020","10":"pmpro-has-access","12":"first","13":"instock","14":"shipping-taxable","15":"product-type-external"},"aioseo_notices":[],"_links":{"self":[{"href":"https:\/\/dormuz.fr\/index.php\/wp-json\/wp\/v2\/product\/4867","targetHints":{"allow":["GET"]}}],"collection":[{"href":"https:\/\/dormuz.fr\/index.php\/wp-json\/wp\/v2\/product"}],"about":[{"href":"https:\/\/dormuz.fr\/index.php\/wp-json\/wp\/v2\/types\/product"}],"replies":[{"embeddable":true,"href":"https:\/\/dormuz.fr\/index.php\/wp-json\/wp\/v2\/comments?post=4867"}],"version-history":[{"count":2,"href":"https:\/\/dormuz.fr\/index.php\/wp-json\/wp\/v2\/product\/4867\/revisions"}],"predecessor-version":[{"id":5142,"href":"https:\/\/dormuz.fr\/index.php\/wp-json\/wp\/v2\/product\/4867\/revisions\/5142"}],"wp:featuredmedia":[{"embeddable":true,"href":"https:\/\/dormuz.fr\/index.php\/wp-json\/wp\/v2\/media\/4868"}],"wp:attachment":[{"href":"https:\/\/dormuz.fr\/index.php\/wp-json\/wp\/v2\/media?parent=4867"}],"wp:term":[{"taxonomy":"product_brand","embeddable":true,"href":"https:\/\/dormuz.fr\/index.php\/wp-json\/wp\/v2\/product_brand?post=4867"},{"taxonomy":"product_cat","embeddable":true,"href":"https:\/\/dormuz.fr\/index.php\/wp-json\/wp\/v2\/product_cat?post=4867"},{"taxonomy":"product_tag","embeddable":true,"href":"https:\/\/dormuz.fr\/index.php\/wp-json\/wp\/v2\/product_tag?post=4867"}],"curies":[{"name":"wp","href":"https:\/\/api.w.org\/{rel}","templated":true}]}}