{"id":4898,"date":"2025-01-29T13:35:19","date_gmt":"2025-01-29T12:35:19","guid":{"rendered":"https:\/\/dormuz.fr\/?post_type=product&#038;p=4898"},"modified":"2025-01-29T13:59:15","modified_gmt":"2025-01-29T12:59:15","slug":"pain-hustlers","status":"publish","type":"product","link":"https:\/\/dormuz.fr\/index.php\/produit\/pain-hustlers\/","title":{"rendered":"Pain Hustlers"},"content":{"rendered":"<div class=\"iframe-container\"><iframe src=\"https:\/\/app.videas.fr\/embed\/media\/e0f76508-d6f2-4f60-a62f-9700b793c0d3\/\" allowfullscreen=\"allowfullscreen\"><\/iframe><\/div>\n","protected":false},"excerpt":{"rendered":"<p><span class=\"yZlgBd\">Une carri\u00e8re dans la vente de produits pharmaceutiques r\u00e9soudrait les soucis financiers de sa famille. Mais quel sera le prix du r\u00eave am\u00e9ricain ? Apr\u00e8s avoir perdu son emploi, une femme qui a du mal \u00e0 \u00e9lever sa fille accepte un emploi en d\u00e9sespoir de cause. Elle commence \u00e0 travailler dans une start-up pharmaceutique en faillite, mais ce \u00e0 quoi elle ne s\u2019attend pas, c\u2019est le dangereux crime organis\u00e9 dans lequel elle se retrouve&#8230;&#8230;&#8230;.<\/span>&#8230;.<br \/>\n<span style=\"color: #ff9900;\">Vous pouvez le visionner d\u00e8s maintenant en streaming VF VOSTFR.\u00a0<\/span><\/p>\n","protected":false},"featured_media":4899,"comment_status":"open","ping_status":"closed","template":"","meta":{"pmpro_default_level":"","_monsterinsights_skip_tracking":false,"_monsterinsights_sitenote_active":false,"_monsterinsights_sitenote_note":"","_monsterinsights_sitenote_category":0,"_uf_show_specific_survey":0,"_uf_disable_surveys":false},"product_brand":[],"product_cat":[44,45,46,58,64],"product_tag":[71],"class_list":{"0":"post-4898","1":"product","2":"type-product","3":"status-publish","4":"has-post-thumbnail","6":"product_cat-comedie","7":"product_cat-crime","8":"product_cat-drame","9":"product_cat-policier","10":"product_cat-thriller","11":"product_tag-film-2023","12":"pmpro-has-access","14":"first","15":"instock","16":"shipping-taxable","17":"product-type-external"},"aioseo_notices":[],"_links":{"self":[{"href":"https:\/\/dormuz.fr\/index.php\/wp-json\/wp\/v2\/product\/4898","targetHints":{"allow":["GET"]}}],"collection":[{"href":"https:\/\/dormuz.fr\/index.php\/wp-json\/wp\/v2\/product"}],"about":[{"href":"https:\/\/dormuz.fr\/index.php\/wp-json\/wp\/v2\/types\/product"}],"replies":[{"embeddable":true,"href":"https:\/\/dormuz.fr\/index.php\/wp-json\/wp\/v2\/comments?post=4898"}],"version-history":[{"count":1,"href":"https:\/\/dormuz.fr\/index.php\/wp-json\/wp\/v2\/product\/4898\/revisions"}],"predecessor-version":[{"id":4900,"href":"https:\/\/dormuz.fr\/index.php\/wp-json\/wp\/v2\/product\/4898\/revisions\/4900"}],"wp:featuredmedia":[{"embeddable":true,"href":"https:\/\/dormuz.fr\/index.php\/wp-json\/wp\/v2\/media\/4899"}],"wp:attachment":[{"href":"https:\/\/dormuz.fr\/index.php\/wp-json\/wp\/v2\/media?parent=4898"}],"wp:term":[{"taxonomy":"product_brand","embeddable":true,"href":"https:\/\/dormuz.fr\/index.php\/wp-json\/wp\/v2\/product_brand?post=4898"},{"taxonomy":"product_cat","embeddable":true,"href":"https:\/\/dormuz.fr\/index.php\/wp-json\/wp\/v2\/product_cat?post=4898"},{"taxonomy":"product_tag","embeddable":true,"href":"https:\/\/dormuz.fr\/index.php\/wp-json\/wp\/v2\/product_tag?post=4898"}],"curies":[{"name":"wp","href":"https:\/\/api.w.org\/{rel}","templated":true}]}}