{"id":4904,"date":"2025-01-31T02:35:49","date_gmt":"2025-01-31T01:35:49","guid":{"rendered":"https:\/\/dormuz.fr\/?post_type=product&#038;p=4904"},"modified":"2025-01-31T02:35:49","modified_gmt":"2025-01-31T01:35:49","slug":"anatomie-dune-chute","status":"publish","type":"product","link":"https:\/\/dormuz.fr\/index.php\/produit\/anatomie-dune-chute\/","title":{"rendered":"Anatomie d\u2019une chute"},"content":{"rendered":"<div class=\"iframe-container\"><iframe src=\"https:\/\/downstory.xyz\/v\/?id=915935\" allowfullscreen=\"allowfullscreen\"><\/iframe><\/div>\n","protected":false},"excerpt":{"rendered":"<p><span class=\"yZlgBd\">Au cours de la derni\u00e8re ann\u00e9e, Sandra, son mari Samuel et leur fils de 11 ans, Daniel, ont v\u00e9cu dans une ville isol\u00e9e des Alpes fran\u00e7aises. Lorsque Samuel est retrouv\u00e9 mort dans la neige au pied de leur chalet, la police se demande s\u2019il a \u00e9t\u00e9 assassin\u00e9 ou s\u2019il s\u2019est suicid\u00e9. La mort suspecte de Samuel est alors reconnue comme un meurtre pr\u00e9sum\u00e9, et Sandra devient le principal suspect. Peu \u00e0 peu, le proc\u00e8s ne devient pas seulement une enqu\u00eate sur les circonstances de la mort de Samuel, mais un voyage psychologique troublant dans les profondeurs de la relation conflictuelle entre Sandra et Samuel&#8230;&#8230;&#8230;.<\/span>&#8230;.<br \/>\n<span style=\"color: #ff9900;\">Vous pouvez le visionner d\u00e8s maintenant en streaming VF VOSTFR.\u00a0<\/span><\/p>\n","protected":false},"featured_media":4905,"comment_status":"open","ping_status":"closed","template":"","meta":{"pmpro_default_level":"","_monsterinsights_skip_tracking":false,"_monsterinsights_sitenote_active":false,"_monsterinsights_sitenote_note":"","_monsterinsights_sitenote_category":0,"_uf_show_specific_survey":0,"_uf_disable_surveys":false},"product_brand":[],"product_cat":[46,54,58,64],"product_tag":[71],"class_list":{"0":"post-4904","1":"product","2":"type-product","3":"status-publish","4":"has-post-thumbnail","6":"product_cat-drame","7":"product_cat-histoire","8":"product_cat-policier","9":"product_cat-thriller","10":"product_tag-film-2023","11":"pmpro-has-access","13":"first","14":"instock","15":"shipping-taxable","16":"product-type-external"},"aioseo_notices":[],"_links":{"self":[{"href":"https:\/\/dormuz.fr\/index.php\/wp-json\/wp\/v2\/product\/4904","targetHints":{"allow":["GET"]}}],"collection":[{"href":"https:\/\/dormuz.fr\/index.php\/wp-json\/wp\/v2\/product"}],"about":[{"href":"https:\/\/dormuz.fr\/index.php\/wp-json\/wp\/v2\/types\/product"}],"replies":[{"embeddable":true,"href":"https:\/\/dormuz.fr\/index.php\/wp-json\/wp\/v2\/comments?post=4904"}],"version-history":[{"count":1,"href":"https:\/\/dormuz.fr\/index.php\/wp-json\/wp\/v2\/product\/4904\/revisions"}],"predecessor-version":[{"id":4906,"href":"https:\/\/dormuz.fr\/index.php\/wp-json\/wp\/v2\/product\/4904\/revisions\/4906"}],"wp:featuredmedia":[{"embeddable":true,"href":"https:\/\/dormuz.fr\/index.php\/wp-json\/wp\/v2\/media\/4905"}],"wp:attachment":[{"href":"https:\/\/dormuz.fr\/index.php\/wp-json\/wp\/v2\/media?parent=4904"}],"wp:term":[{"taxonomy":"product_brand","embeddable":true,"href":"https:\/\/dormuz.fr\/index.php\/wp-json\/wp\/v2\/product_brand?post=4904"},{"taxonomy":"product_cat","embeddable":true,"href":"https:\/\/dormuz.fr\/index.php\/wp-json\/wp\/v2\/product_cat?post=4904"},{"taxonomy":"product_tag","embeddable":true,"href":"https:\/\/dormuz.fr\/index.php\/wp-json\/wp\/v2\/product_tag?post=4904"}],"curies":[{"name":"wp","href":"https:\/\/api.w.org\/{rel}","templated":true}]}}