{"id":4907,"date":"2025-01-31T03:02:51","date_gmt":"2025-01-31T02:02:51","guid":{"rendered":"https:\/\/dormuz.fr\/?post_type=product&#038;p=4907"},"modified":"2025-02-22T01:42:26","modified_gmt":"2025-02-22T00:42:26","slug":"dark-harvest","status":"publish","type":"product","link":"https:\/\/dormuz.fr\/index.php\/produit\/dark-harvest\/","title":{"rendered":"Dark Harvest"},"content":{"rendered":"<div class=\"iframe-container\"><iframe src=\"https:\/\/lecteurvideo.com\/video.php?link=eyJleHBpcmF0aW9uIjoxNzQwMTg1MzkxLCJpZnJhbWUiOiJhSFIwY0hNNkx5OXNaV04wWlhWeU5pNWpiMjB2ZG1sa1pXOHZZamt5TWpobE1EazJNbUUzT0dJNE5HWXpaRFZrT1RKbU5HWmhZVEF3TUdJPSJ9&#038;sb=2\" allowfullscreen=\"allowfullscreen\"><\/iframe><\/div>\n","protected":false},"excerpt":{"rendered":"<p><span class=\"yZlgBd\">La nuit d&rsquo;Halloween de 1963, dans une petite ville rurale. Comme chaque ann\u00e9e, \u00e0 la m\u00eame p\u00e9riode, October Boy (ou Ol\u2019 Hacksaw Face ou encore Sawtooth Jack) quitte son champ de ma\u00efs, un couteau de boucher \u00e0 la main et se dirige vers la ville. Des groupes d&rsquo;adolescents l&rsquo;attendent afin d&rsquo;affronter le croque-mitaine, parmi eux, l&rsquo;ambitieux et intr\u00e9pide Pete McCormick&#8230;&#8230;&#8230;.<\/span>&#8230;.<br \/>\n<span style=\"color: #ff9900;\">Vous pouvez le visionner d\u00e8s maintenant en streaming VF VOSTFR.\u00a0<\/span><\/p>\n","protected":false},"featured_media":4908,"comment_status":"open","ping_status":"closed","template":"","meta":{"pmpro_default_level":"","_monsterinsights_skip_tracking":false,"_monsterinsights_sitenote_active":false,"_monsterinsights_sitenote_note":"","_monsterinsights_sitenote_category":0,"_uf_show_specific_survey":0,"_uf_disable_surveys":false},"product_brand":[],"product_cat":[55,63],"product_tag":[71],"class_list":{"0":"post-4907","1":"product","2":"type-product","3":"status-publish","4":"has-post-thumbnail","6":"product_cat-horreur","7":"product_cat-suspense","8":"product_tag-film-2023","9":"pmpro-has-access","11":"first","12":"instock","13":"shipping-taxable","14":"product-type-external"},"aioseo_notices":[],"_links":{"self":[{"href":"https:\/\/dormuz.fr\/index.php\/wp-json\/wp\/v2\/product\/4907","targetHints":{"allow":["GET"]}}],"collection":[{"href":"https:\/\/dormuz.fr\/index.php\/wp-json\/wp\/v2\/product"}],"about":[{"href":"https:\/\/dormuz.fr\/index.php\/wp-json\/wp\/v2\/types\/product"}],"replies":[{"embeddable":true,"href":"https:\/\/dormuz.fr\/index.php\/wp-json\/wp\/v2\/comments?post=4907"}],"version-history":[{"count":3,"href":"https:\/\/dormuz.fr\/index.php\/wp-json\/wp\/v2\/product\/4907\/revisions"}],"predecessor-version":[{"id":4917,"href":"https:\/\/dormuz.fr\/index.php\/wp-json\/wp\/v2\/product\/4907\/revisions\/4917"}],"wp:featuredmedia":[{"embeddable":true,"href":"https:\/\/dormuz.fr\/index.php\/wp-json\/wp\/v2\/media\/4908"}],"wp:attachment":[{"href":"https:\/\/dormuz.fr\/index.php\/wp-json\/wp\/v2\/media?parent=4907"}],"wp:term":[{"taxonomy":"product_brand","embeddable":true,"href":"https:\/\/dormuz.fr\/index.php\/wp-json\/wp\/v2\/product_brand?post=4907"},{"taxonomy":"product_cat","embeddable":true,"href":"https:\/\/dormuz.fr\/index.php\/wp-json\/wp\/v2\/product_cat?post=4907"},{"taxonomy":"product_tag","embeddable":true,"href":"https:\/\/dormuz.fr\/index.php\/wp-json\/wp\/v2\/product_tag?post=4907"}],"curies":[{"name":"wp","href":"https:\/\/api.w.org\/{rel}","templated":true}]}}