{"id":4936,"date":"2025-03-15T11:31:27","date_gmt":"2025-03-15T10:31:27","guid":{"rendered":"https:\/\/dormuz.fr\/?post_type=product&#038;p=4936"},"modified":"2025-03-15T11:55:05","modified_gmt":"2025-03-15T10:55:05","slug":"transporter","status":"publish","type":"product","link":"https:\/\/dormuz.fr\/index.php\/produit\/transporter\/","title":{"rendered":"Transporter"},"content":{"rendered":"<div class=\"iframe-container\"><iframe src=\"https:\/\/sharecloudy.com\/iframe\/3RrP6SVAq2\" allowfullscreen=\"allowfullscreen\"><\/iframe><\/div>\n","protected":false},"excerpt":{"rendered":"<p>Pour les livraisons \u00e0 haut risque, Franck est toujours l\u00e0. Comme les autres, il ob\u00e9it aux trois r\u00e8gles d&rsquo;or : ne poser aucune question, ne pas ouvrir les colis et ne pas enfreindre les deux premi\u00e8res au risque d&rsquo;y trouver la mort. Mais cette fois-ci, Franck a ouvert le sac pos\u00e9 dans son coffre et a d\u00e9couvert une jeune femme se nommant Lai. Face \u00e0 ce cas de conscience et \u00e0 une sombre affaire de trafic humain, il ne va plus pouvoir fermer les yeux et d\u00e9cide d&rsquo;aider ce \u00ab\u00a0colis\u00a0\u00bb un peu sp\u00e9cial&#8230;.<span class=\"yZlgBd\">&#8230;&#8230;&#8230;<\/span>&#8230;.<br \/>\n<span style=\"color: #ff9900;\">Vous pouvez le visionner d\u00e8s maintenant en streaming VF VOSTFR.\u00a0<\/span><\/p>\n","protected":false},"featured_media":4937,"comment_status":"open","ping_status":"closed","template":"","meta":{"pmpro_default_level":"","_monsterinsights_skip_tracking":false,"_monsterinsights_sitenote_active":false,"_monsterinsights_sitenote_note":"","_monsterinsights_sitenote_category":0,"_uf_show_specific_survey":0,"_uf_disable_surveys":false},"product_brand":[],"product_cat":[39,58,64],"product_tag":[86],"class_list":{"0":"post-4936","1":"product","2":"type-product","3":"status-publish","4":"has-post-thumbnail","6":"product_cat-action","7":"product_cat-policier","8":"product_cat-thriller","9":"product_tag-film-2002","10":"pmpro-has-access","12":"first","13":"instock","14":"shipping-taxable","15":"product-type-external"},"aioseo_notices":[],"_links":{"self":[{"href":"https:\/\/dormuz.fr\/index.php\/wp-json\/wp\/v2\/product\/4936","targetHints":{"allow":["GET"]}}],"collection":[{"href":"https:\/\/dormuz.fr\/index.php\/wp-json\/wp\/v2\/product"}],"about":[{"href":"https:\/\/dormuz.fr\/index.php\/wp-json\/wp\/v2\/types\/product"}],"replies":[{"embeddable":true,"href":"https:\/\/dormuz.fr\/index.php\/wp-json\/wp\/v2\/comments?post=4936"}],"version-history":[{"count":1,"href":"https:\/\/dormuz.fr\/index.php\/wp-json\/wp\/v2\/product\/4936\/revisions"}],"predecessor-version":[{"id":4938,"href":"https:\/\/dormuz.fr\/index.php\/wp-json\/wp\/v2\/product\/4936\/revisions\/4938"}],"wp:featuredmedia":[{"embeddable":true,"href":"https:\/\/dormuz.fr\/index.php\/wp-json\/wp\/v2\/media\/4937"}],"wp:attachment":[{"href":"https:\/\/dormuz.fr\/index.php\/wp-json\/wp\/v2\/media?parent=4936"}],"wp:term":[{"taxonomy":"product_brand","embeddable":true,"href":"https:\/\/dormuz.fr\/index.php\/wp-json\/wp\/v2\/product_brand?post=4936"},{"taxonomy":"product_cat","embeddable":true,"href":"https:\/\/dormuz.fr\/index.php\/wp-json\/wp\/v2\/product_cat?post=4936"},{"taxonomy":"product_tag","embeddable":true,"href":"https:\/\/dormuz.fr\/index.php\/wp-json\/wp\/v2\/product_tag?post=4936"}],"curies":[{"name":"wp","href":"https:\/\/api.w.org\/{rel}","templated":true}]}}