{"id":4993,"date":"2025-04-21T04:14:02","date_gmt":"2025-04-21T02:14:02","guid":{"rendered":"https:\/\/dormuz.fr\/?post_type=product&#038;p=4993"},"modified":"2025-08-27T13:41:14","modified_gmt":"2025-08-27T11:41:14","slug":"resident-evil-chapitre-final","status":"publish","type":"product","link":"https:\/\/dormuz.fr\/index.php\/produit\/resident-evil-chapitre-final\/","title":{"rendered":"Resident Evil : Chapitre Final"},"content":{"rendered":"<div class=\"video-container\">\n    <iframe id=\"videoFrame\" src=\"https:\/\/ovocloudy.com\/iframe\/rPocjWz4MN\" frameborder=\"0\" allowfullscreen loading=\"lazy\" referrerpolicy=\"no-referrer\"><\/iframe>\n<\/div>\n","protected":false},"excerpt":{"rendered":"<p>Alice, seule survivante de la bataille de Washington contre les zombies, doit retourner \u00e0 l\u2019endroit o\u00f9 le cauchemar a d\u00e9but\u00e9 : le Hive \u00e0 Raccoon City. C\u2019est l\u00e0, qu\u2019Umbrella Corporation a regroup\u00e9 ses forces pour mener un assaut final contre les survivants de l\u2019apocalypse&#8230;&#8230;<br \/>\n<span style=\"color: #ff9900;\">Vous pouvez le visionner d\u00e8s maintenant en streaming VF VOSTFR.\u00a0<\/span><\/p>\n","protected":false},"featured_media":4994,"comment_status":"open","ping_status":"closed","template":"","meta":{"pmpro_default_level":"","_monsterinsights_skip_tracking":false,"_monsterinsights_sitenote_active":false,"_monsterinsights_sitenote_note":"","_monsterinsights_sitenote_category":0,"_uf_show_specific_survey":0,"_uf_disable_surveys":false},"product_brand":[],"product_cat":[39,55,61,64],"product_tag":[32],"class_list":{"0":"post-4993","1":"product","2":"type-product","3":"status-publish","4":"has-post-thumbnail","6":"product_cat-action","7":"product_cat-horreur","8":"product_cat-science-fiction","9":"product_cat-thriller","10":"product_tag-film-2016","11":"pmpro-has-access","13":"first","14":"instock","15":"shipping-taxable","16":"product-type-external"},"aioseo_notices":[],"_links":{"self":[{"href":"https:\/\/dormuz.fr\/index.php\/wp-json\/wp\/v2\/product\/4993","targetHints":{"allow":["GET"]}}],"collection":[{"href":"https:\/\/dormuz.fr\/index.php\/wp-json\/wp\/v2\/product"}],"about":[{"href":"https:\/\/dormuz.fr\/index.php\/wp-json\/wp\/v2\/types\/product"}],"replies":[{"embeddable":true,"href":"https:\/\/dormuz.fr\/index.php\/wp-json\/wp\/v2\/comments?post=4993"}],"version-history":[{"count":3,"href":"https:\/\/dormuz.fr\/index.php\/wp-json\/wp\/v2\/product\/4993\/revisions"}],"predecessor-version":[{"id":5086,"href":"https:\/\/dormuz.fr\/index.php\/wp-json\/wp\/v2\/product\/4993\/revisions\/5086"}],"wp:featuredmedia":[{"embeddable":true,"href":"https:\/\/dormuz.fr\/index.php\/wp-json\/wp\/v2\/media\/4994"}],"wp:attachment":[{"href":"https:\/\/dormuz.fr\/index.php\/wp-json\/wp\/v2\/media?parent=4993"}],"wp:term":[{"taxonomy":"product_brand","embeddable":true,"href":"https:\/\/dormuz.fr\/index.php\/wp-json\/wp\/v2\/product_brand?post=4993"},{"taxonomy":"product_cat","embeddable":true,"href":"https:\/\/dormuz.fr\/index.php\/wp-json\/wp\/v2\/product_cat?post=4993"},{"taxonomy":"product_tag","embeddable":true,"href":"https:\/\/dormuz.fr\/index.php\/wp-json\/wp\/v2\/product_tag?post=4993"}],"curies":[{"name":"wp","href":"https:\/\/api.w.org\/{rel}","templated":true}]}}