{"id":5007,"date":"2025-05-22T14:38:07","date_gmt":"2025-05-22T12:38:07","guid":{"rendered":"https:\/\/dormuz.fr\/?post_type=product&#038;p=5007"},"modified":"2025-08-27T13:28:23","modified_gmt":"2025-08-27T11:28:23","slug":"fight-or-flight","status":"publish","type":"product","link":"https:\/\/dormuz.fr\/index.php\/produit\/fight-or-flight\/","title":{"rendered":"Fight or Flight"},"content":{"rendered":"<div class=\"video-container\">\n    <iframe id=\"videoFrame\" src=\"https:\/\/sharecloudy.com\/iframe\/9w8MUPAKMF\" frameborder=\"0\" allowfullscreen loading=\"lazy\" referrerpolicy=\"no-referrer\"><\/iframe>\n<\/div>\n","protected":false},"excerpt":{"rendered":"<p>Ex-agent exil\u00e9 de force en Tha\u00eflande, Lucas Reyes pr\u00e9f\u00e8re par-dessus tout vider des bouteilles dans les bars. Jusqu\u2019au jour o\u00f9 une ancienne connaissance trouble sa routine alcoolis\u00e9e en lui proposant un contrat en \u00e9change de sa libert\u00e9. Sa mission\u2009? Retrouver et prot\u00e9ger une myst\u00e9rieuse cible tr\u00e8s recherch\u00e9e, surnomm\u00e9e \u00ab\u2009The Ghost\u2009\u00bb, \u00e0 bord d\u2019un vol Bangkok-San Francisco. Il y a juste un (petit) p\u00e9pin : tous les passagers sont des tueurs professionnels&#8230;..<br \/>\n<span style=\"color: #ff9900;\">Vous pouvez le visionner d\u00e8s maintenant en streaming VF VOSTFR.\u00a0<\/span><\/p>\n","protected":false},"featured_media":5008,"comment_status":"open","ping_status":"closed","template":"","meta":{"pmpro_default_level":"","_monsterinsights_skip_tracking":false,"_monsterinsights_sitenote_active":false,"_monsterinsights_sitenote_note":"","_monsterinsights_sitenote_category":0,"_uf_show_specific_survey":0,"_uf_disable_surveys":false},"product_brand":[],"product_cat":[39,44],"product_tag":[139],"class_list":{"0":"post-5007","1":"product","2":"type-product","3":"status-publish","4":"has-post-thumbnail","6":"product_cat-action","7":"product_cat-comedie","8":"product_tag-film-2025","9":"pmpro-has-access","11":"first","12":"instock","13":"shipping-taxable","14":"product-type-external"},"aioseo_notices":[],"_links":{"self":[{"href":"https:\/\/dormuz.fr\/index.php\/wp-json\/wp\/v2\/product\/5007","targetHints":{"allow":["GET"]}}],"collection":[{"href":"https:\/\/dormuz.fr\/index.php\/wp-json\/wp\/v2\/product"}],"about":[{"href":"https:\/\/dormuz.fr\/index.php\/wp-json\/wp\/v2\/types\/product"}],"replies":[{"embeddable":true,"href":"https:\/\/dormuz.fr\/index.php\/wp-json\/wp\/v2\/comments?post=5007"}],"version-history":[{"count":3,"href":"https:\/\/dormuz.fr\/index.php\/wp-json\/wp\/v2\/product\/5007\/revisions"}],"predecessor-version":[{"id":5079,"href":"https:\/\/dormuz.fr\/index.php\/wp-json\/wp\/v2\/product\/5007\/revisions\/5079"}],"wp:featuredmedia":[{"embeddable":true,"href":"https:\/\/dormuz.fr\/index.php\/wp-json\/wp\/v2\/media\/5008"}],"wp:attachment":[{"href":"https:\/\/dormuz.fr\/index.php\/wp-json\/wp\/v2\/media?parent=5007"}],"wp:term":[{"taxonomy":"product_brand","embeddable":true,"href":"https:\/\/dormuz.fr\/index.php\/wp-json\/wp\/v2\/product_brand?post=5007"},{"taxonomy":"product_cat","embeddable":true,"href":"https:\/\/dormuz.fr\/index.php\/wp-json\/wp\/v2\/product_cat?post=5007"},{"taxonomy":"product_tag","embeddable":true,"href":"https:\/\/dormuz.fr\/index.php\/wp-json\/wp\/v2\/product_tag?post=5007"}],"curies":[{"name":"wp","href":"https:\/\/api.w.org\/{rel}","templated":true}]}}