{"id":5010,"date":"2025-05-23T00:23:06","date_gmt":"2025-05-22T22:23:06","guid":{"rendered":"https:\/\/dormuz.fr\/?post_type=product&#038;p=5010"},"modified":"2025-08-27T13:26:42","modified_gmt":"2025-08-27T11:26:42","slug":"tin-soldier","status":"publish","type":"product","link":"https:\/\/dormuz.fr\/index.php\/produit\/tin-soldier\/","title":{"rendered":"Tin Soldier"},"content":{"rendered":"<div class=\"video-container\">\n    <iframe id=\"videoFrame\" src=\"https:\/\/sharecloudy.com\/iframe\/R2x8jbThTd\" frameborder=\"0\" allowfullscreen loading=\"lazy\" referrerpolicy=\"no-referrer\"><\/iframe>\n<\/div>\n","protected":false},"excerpt":{"rendered":"<p>L&rsquo;histoire de Nash Cavanaugh, un ancien membre des forces sp\u00e9ciales qui fut autrefois disciple d&rsquo;un leader charismatique et dangereux nomm\u00e9 Bokushi. Bokushi, entour\u00e9 de v\u00e9t\u00e9rans de l&rsquo;arm\u00e9e, a construit une forteresse imp\u00e9n\u00e9trable et amass\u00e9 un arsenal d&rsquo;armes. Apr\u00e8s plusieurs tentatives d&rsquo;infiltration infructueuses, le gouvernement recrute Nash, par l&rsquo;interm\u00e9diaire de l&rsquo;agent militaire Emmanuel Ashburn, pour mener une mission contre Bokushi et son groupe&#8230;.<br \/>\n<span style=\"color: #ff9900;\">Vous pouvez le visionner d\u00e8s maintenant en streaming VF VOSTFR.\u00a0<\/span><\/p>\n","protected":false},"featured_media":5011,"comment_status":"open","ping_status":"closed","template":"","meta":{"pmpro_default_level":"","_monsterinsights_skip_tracking":false,"_monsterinsights_sitenote_active":false,"_monsterinsights_sitenote_note":"","_monsterinsights_sitenote_category":0,"_uf_show_specific_survey":0,"_uf_disable_surveys":false},"product_brand":[],"product_cat":[39,46,64],"product_tag":[27],"class_list":{"0":"post-5010","1":"product","2":"type-product","3":"status-publish","4":"has-post-thumbnail","6":"product_cat-action","7":"product_cat-drame","8":"product_cat-thriller","9":"product_tag-film-2024","10":"pmpro-has-access","12":"first","13":"instock","14":"shipping-taxable","15":"product-type-external"},"aioseo_notices":[],"_links":{"self":[{"href":"https:\/\/dormuz.fr\/index.php\/wp-json\/wp\/v2\/product\/5010","targetHints":{"allow":["GET"]}}],"collection":[{"href":"https:\/\/dormuz.fr\/index.php\/wp-json\/wp\/v2\/product"}],"about":[{"href":"https:\/\/dormuz.fr\/index.php\/wp-json\/wp\/v2\/types\/product"}],"replies":[{"embeddable":true,"href":"https:\/\/dormuz.fr\/index.php\/wp-json\/wp\/v2\/comments?post=5010"}],"version-history":[{"count":4,"href":"https:\/\/dormuz.fr\/index.php\/wp-json\/wp\/v2\/product\/5010\/revisions"}],"predecessor-version":[{"id":5077,"href":"https:\/\/dormuz.fr\/index.php\/wp-json\/wp\/v2\/product\/5010\/revisions\/5077"}],"wp:featuredmedia":[{"embeddable":true,"href":"https:\/\/dormuz.fr\/index.php\/wp-json\/wp\/v2\/media\/5011"}],"wp:attachment":[{"href":"https:\/\/dormuz.fr\/index.php\/wp-json\/wp\/v2\/media?parent=5010"}],"wp:term":[{"taxonomy":"product_brand","embeddable":true,"href":"https:\/\/dormuz.fr\/index.php\/wp-json\/wp\/v2\/product_brand?post=5010"},{"taxonomy":"product_cat","embeddable":true,"href":"https:\/\/dormuz.fr\/index.php\/wp-json\/wp\/v2\/product_cat?post=5010"},{"taxonomy":"product_tag","embeddable":true,"href":"https:\/\/dormuz.fr\/index.php\/wp-json\/wp\/v2\/product_tag?post=5010"}],"curies":[{"name":"wp","href":"https:\/\/api.w.org\/{rel}","templated":true}]}}